 228, -5*b = -4*l - 344. Calculate the highest common factor of b and 8.
8
Let l be 3 - ((-9)/3 + -82). What is the greatest common divisor of 11 and l?
11
Let s be 942/30 + (-4)/10. Let g = s + -7. Suppose 3*h - 1 = 2*m, 22 = 5*h - 3*h + 4*m. What is the highest common divisor of h and g?
3
Let t(o) = 16*o**2 + 2*o + 3. Let y be t(-2). Calculate the highest common factor of y and 7.
7
Let l(r) = r**2 - 5*r + 1. Let m be l(6). Let p = 106 + -71. Calculate the greatest common divisor of p and m.
7
Let z = 10 - 6. Let c = 0 + z. Suppose c*a = 36 - 0. Calculate the greatest common factor of a and 9.
9
Let m = -6 + 8. Suppose m*c + c = 495. Let t(n) = 4*n - 1. Let j be t(4). What is the highest common divisor of c and j?
15
Let n be (-2)/8 - (-5)/4. Let s(x) = x**2 - 1. Let a be s(-1). Suppose -2*b + 7 - 3 = a. Calculate the highest common factor of n and b.
1
Let o be -4 + 1/((1/188)/1). Calculate the greatest common factor of o and 23.
23
Let f be ((-21)/15 - -1)*-10. Suppose 4*z = -z + 15. Suppose -z*t = -f - 11. Calculate the highest common divisor of t and 15.
5
Suppose 5*o + 3*w - 52 = 138, 2*o = 5*w + 45. What is the highest common factor of 5 and o?
5
Suppose 5*b - 80 = 3*b. What is the greatest common factor of 5 and b?
5
Suppose -13 = -q - 2*z, -q + 6*q = -2*z + 33. Let y = 3 - q. Let s be (-1)/y*-2 - -37. Calculate the highest common factor of s and 54.
18
Suppose 16 = -f + 5*f, -2*f + 17 = -3*t. Let j be -1 + 5 + 5 + t. Calculate the greatest common divisor of j and 2.
2
Let t be 4/1 + -2 + 2. Suppose t*w - 4*k - 536 = 0, -4*w + 5*w + k - 126 = 0. Let u = -46 + w. What is the highest common factor of u and 12?
12
Suppose 4*a + 5*j = 16, a + 2*j + 2*j = 4. Let c be ((-18)/a + -1)*-28. Calculate the highest common factor of 14 and c.
14
Suppose 4 = b + 2. Suppose -b*l = -6*l + 56. Calculate the greatest common divisor of 28 and l.
14
Let i = 30 + -18. What is the highest common divisor of 6 and i?
6
Suppose 4*u = -4*y + 20, -5*u = 4*y - 2 - 22. Calculate the highest common divisor of y and 1.
1
Suppose 4*h + 200 = 9*h. Calculate the highest common divisor of 16 and h.
8
Suppose 4*q = -s + 16, s + q - 21 = -8. Let g be 424/36 - (-4)/18. Suppose -j - g = -c, 0 = 2*c + j - 24. What is the greatest common divisor of c and s?
12
Let p(x) = -x**3 + 6*x**2 + x - 4. Let m be p(6). Let k = 29 + -20. Suppose -m*v = -v - k. What is the highest common factor of 54 and v?
9
Let w = 57 + -36. What is the greatest common divisor of w and 7?
7
Suppose 58 - 14 = 4*l. Suppose -3*y + 16 = -2*f + 3*f, 0 = -4*f - 2*y + 14. What is the highest common factor of f and l?
1
Suppose -v = -2 - 4. Let o be 3/v + (-350)/(-4). Let p(u) = -u + 11. Let g be p(0). What is the highest common divisor of g and o?
11
Suppose 3 = 2*b - 1. Let r = -47 - -68. Let y = -3 + r. Calculate the greatest common factor of b and y.
2
Suppose -91 = 5*i - 231. Calculate the greatest common divisor of 4 and i.
4
Let f be 10/(-45) + (-870)/(-27). What is the highest common divisor of f and 160?
32
Suppose -10 = -5*g + 5*u, -3*u = -2*u. Suppose -g*v = -3*v. Suppose 4*a - 28 - 8 = v. Calculate the highest common divisor of 54 and a.
9
Let h = 135 + -60. Calculate the highest common factor of 50 and h.
25
Let a be (1/(-1))/((-9)/54). Suppose 2*g = -0*g + a, 29 = 5*o + 3*g. What is the highest common factor of o and 44?
4
Let n be (-24)/(-9)*(-9)/(-4). Let l = 15 + -13. Suppose -n*q - 4*o - 6 = -3*q, 0 = -3*q + l*o + 12. Calculate the greatest common factor of q and 2.
2
Let k(y) = -y**2 - 16*y - 20. Let i = 19 + -33. Let q be k(i). What is the greatest common factor of q and 48?
8
Let n = 13 + 49. Calculate the highest common factor of 31 and n.
31
Let s be ((-44)/(-6))/(6/90). Suppose -2*y + 3*y = s. Calculate the greatest common divisor of 11 and y.
11
Let s(x) = -x**2 + 17*x - 3. Let n be s(6). What is the greatest common divisor of n and 27?
9
Let i be -4 - (4 - (-19)/(-1)). What is the greatest common divisor of 1 and i?
1
Suppose 2*x = -x - 4*v + 21, -2*v - 9 = -5*x. Let s(m) = m**3 - 2*m**2 - 2*m - 4. Let w be s(x). Let k = 2 + w. Calculate the highest common divisor of k and 1.
1
Let k(n) = n**2 + n + 12. Let l be k(-7). What is the greatest common factor of l and 6?
6
Suppose -2*t + 87 = -21. Suppose 4*z - 2*i - 34 = 0, 0*z + 3*z - 2*i = 23. Let v = z - 5. What is the highest common divisor of t and v?
6
Let g(t) = -t**3 - t**2 - 3*t - 1. Let j be g(-5). Suppose -2*u = -4*u + j. Calculate the highest common divisor of 38 and u.
19
Let r be (-4)/14 + (-1)/((-21)/1077). Calculate the greatest common factor of 34 and r.
17
Suppose -4*d + 5*q + 82 = 0, 5*d + 3*q - 7*q - 98 = 0. Calculate the highest common divisor of d and 72.
18
Suppose -2*h = -5*r + 4, 6*r = r - h + 13. Let j(m) = r + 2*m + 1 + m - 2*m**3 + 1 - 3*m**2. Let t be j(-3). Calculate the greatest common factor of t and 66.
22
Let d = 4 + 6. Suppose 2*c - 2*m = -c + d, -3*c - 4 = 5*m. Let f(b) = 2*b - 5. Let r be f(4). What is the highest common divisor of c and r?
1
Let p(w) = w - 18. Let d be p(20). What is the greatest common factor of d and 3?
1
Suppose 4*g + 56 = 2*b, 18 + 24 = -3*g - b. Let v = -2 - g. Calculate the greatest common divisor of v and 96.
12
Let k be 13/(-5) + 4/(-10). Let x = -4 - 5. Let p = k - x. What is the greatest common factor of p and 24?
6
Let q be (3/2)/(1/2). Suppose -q*z - z + 52 = 0. Calculate the greatest common divisor of z and 13.
13
Suppose 2*u - 4*a + 2 = 0, 0 = 5*u - a + 2*a - 39. Let t be (-1)/((-22)/u - -3). What is the highest common factor of t and 63?
7
Let l = 32 - 20. Let t(y) = -6*y. Let s be t(-5). Calculate the greatest common divisor of s and l.
6
Let m = 0 - -2. Suppose 0*r + 4*y - 196 = -2*r, 342 = 4*r - m*y. What is the highest common divisor of 11 and r?
11
Suppose -b + 18 = -0*b. Let w be (-4)/18 + (-104)/b. Let d be (8 + 1)*(-10)/w. What is the greatest common factor of 15 and d?
15
Let x(u) be the second derivative of u**4/12 + u**3 + 4*u**2 + 6*u. Let f be x(-7). Calculate the greatest common factor of 120 and f.
15
Let a(w) = -120*w + 2. Let u be a(-2). Calculate the highest common factor of u and 22.
22
Suppose -3*j = 2*j - 20. Let a be 1 + -2 - 10/(-2). Calculate the greatest common divisor of a and j.
4
Suppose -3*y + 9 = 0, -3*y = 3*n + 2*y - 33. Calculate the greatest common factor of 12 and n.
6
Let h(w) = -w**3 + 6*w**2 + 3*w + 3. Let j be h(6). Suppose 0 = -a - 3*b + 281 - 50, 462 = 2*a - 4*b. What is the highest common factor of j and a?
21
Let p be (0 - 2)*21/(-6). Let k(a) = 16*a**2 - 1. Let f be k(-2). What is the highest common factor of p and f?
7
Suppose k - 11 + 7 = 0. Calculate the highest common divisor of 4 and k.
4
Suppose g = 2*a - 0*a + 12, 4*a = -4*g + 24. Calculate the highest common divisor of g and 40.
8
Suppose 10 = g - 5. Suppose -455 = -5*b - 2*n + 3*n, 2*b - 5*n - 205 = 0. Calculate the highest common factor of g and b.
15
Let x = -4 + 9. Let l(r) = -r**2 + 4*r + 5. Let t be l(x). Suppose 2*c = -t*c + 16. Calculate the highest common factor of 1 and c.
1
Let x = -2 + 4. Suppose x*t - 6*t = -48. Calculate the greatest common factor of 84 and t.
12
Suppose -g - 4 + 5 = 5*s, 3*g = 5*s + 23. Let w be (3/g)/(1/6). Suppose 3*j - 1 = p + 1, w*j = -2*p + 14. What is the greatest common divisor of p and 6?
2
Suppose 0 + 32 = 4*f. Let k = -7 + -6. Let x = k - -25. What is the greatest common divisor of x and f?
4
Suppose -3*j = -9, -3*p - 4*j = -0*j - 42. Suppose -x - 4*z = -2*x - 3, -3*z = -6. What is the highest common divisor of p and x?
5
Let s = -266 - -44. Let j be 6/12 + s/(-4). Let i = j - 31. What is the greatest common factor of i and 5?
5
Suppose -2*w + 4 + 6 = 0. Let l(i) = -6*i**3 + i - 1. Let a(p) = -p - 2. Let n be a(0). Let m be l(n). Calculate the greatest common factor of w and m.
5
Let j be 2/1 + (16 - 13). Calculate the greatest common factor of j and 20.
5
Suppose -2*p - 128 = -6*p. Suppose 56 = -0*m + 5*m - 4*k, 3*k = -4*m + 20. What is the highest common factor of p and m?
8
Suppose 18 = o - 6. Calculate the highest common divisor of 60 and o.
12
Suppose 78 = 4*n + 38. Let f(o) = -2*o - 2. Let q be f(-2). Let i be (5 - 2/q) + -2. What is the highest common divisor of n and i?
2
Suppose 19 = -2*l + 47. Calculate the highe